{"id":486,"date":"2025-02-04T19:46:51","date_gmt":"2025-02-04T18:46:51","guid":{"rendered":"http:\/\/becon-plongee-maitai.fr\/?page_id=486"},"modified":"2026-01-28T21:05:36","modified_gmt":"2026-01-28T20:05:36","slug":"date-des-stages-et-examens-maitai","status":"publish","type":"page","link":"http:\/\/becon-plongee-maitai.fr\/index.php\/date-des-stages-et-examens-maitai\/","title":{"rendered":"Date des Stages et examens MA\u00cfTA\u00cf"},"content":{"rendered":"\n<ul class=\"wp-block-list\">\n<li><a href=\"https:\/\/docs.google.com\/forms\/d\/e\/1FAIpQLSf8qT8l1-aPE5QzNkw2rM2CZ-D-qa1lxbg8h7EZSW54eeyKOA\/viewform\">Je m&rsquo;inscrit au Niveau 4 \/ Guide de Palanqu\u00e9e<\/a><\/li>\n<\/ul>\n\n\n\n<ul class=\"wp-block-list\">\n<li><a href=\"https:\/\/docs.google.com\/forms\/d\/e\/1FAIpQLSe2u0MT16DyX9jyLih1Z-yVkj3MjET-BVsf2-yZUcC1Pcw5cQ\/viewform\">Je m&rsquo;inscrit au Monitorat F\u00e9d\u00e9ral 1er degr\u00e9 \/ E3<\/a><\/li>\n<\/ul>\n\n\n\n<p><\/p>\n\n\n\n<figure class=\"wp-block-image size-full\"><img loading=\"lazy\" decoding=\"async\" width=\"598\" height=\"881\" src=\"http:\/\/becon-plongee-maitai.fr\/wp-content\/uploads\/2026\/01\/Examens-2026.jpg\" alt=\"\" class=\"wp-image-597\" srcset=\"http:\/\/becon-plongee-maitai.fr\/wp-content\/uploads\/2026\/01\/Examens-2026.jpg 598w, http:\/\/becon-plongee-maitai.fr\/wp-content\/uploads\/2026\/01\/Examens-2026-204x300.jpg 204w\" sizes=\"auto, (max-width: 598px) 100vw, 598px\" \/><\/figure>\n\n\n<div class=\"aligncenter wp-block-site-logo\"><a href=\"http:\/\/becon-plongee-maitai.fr\/\" class=\"custom-logo-link\" rel=\"home\"><img loading=\"lazy\" decoding=\"async\" width=\"75\" height=\"75\" src=\"http:\/\/becon-plongee-maitai.fr\/wp-content\/uploads\/2024\/12\/cropped-cropped-cropped-maitai-logo2016-e1735222400999.png\" class=\"custom-logo\" alt=\"MAITAI BECON PLONGEE\" sizes=\"auto, 100vw\" \/><\/a><\/div>\n\n\n<p class=\"has-text-align-center\"><em>Retour vers l&rsquo;accueil<\/em><\/p>\n\n\n\n<p><\/p>\n","protected":false},"excerpt":{"rendered":"<p>Retour vers l&rsquo;accueil<\/p>\n","protected":false},"author":1,"featured_media":0,"parent":0,"menu_order":0,"comment_status":"closed","ping_status":"closed","template":"","meta":{"footnotes":""},"class_list":["post-486","page","type-page","status-publish","hentry"],"featured_media_urls":[],"_links":{"self":[{"href":"http:\/\/becon-plongee-maitai.fr\/index.php\/wp-json\/wp\/v2\/pages\/486","targetHints":{"allow":["GET"]}}],"collection":[{"href":"http:\/\/becon-plongee-maitai.fr\/index.php\/wp-json\/wp\/v2\/pages"}],"about":[{"href":"http:\/\/becon-plongee-maitai.fr\/index.php\/wp-json\/wp\/v2\/types\/page"}],"author":[{"embeddable":true,"href":"http:\/\/becon-plongee-maitai.fr\/index.php\/wp-json\/wp\/v2\/users\/1"}],"replies":[{"embeddable":true,"href":"http:\/\/becon-plongee-maitai.fr\/index.php\/wp-json\/wp\/v2\/comments?post=486"}],"version-history":[{"count":6,"href":"http:\/\/becon-plongee-maitai.fr\/index.php\/wp-json\/wp\/v2\/pages\/486\/revisions"}],"predecessor-version":[{"id":601,"href":"http:\/\/becon-plongee-maitai.fr\/index.php\/wp-json\/wp\/v2\/pages\/486\/revisions\/601"}],"wp:attachment":[{"href":"http:\/\/becon-plongee-maitai.fr\/index.php\/wp-json\/wp\/v2\/media?parent=486"}],"curies":[{"name":"wp","href":"https:\/\/api.w.org\/{rel}","templated":true}]}}