{"id":261,"date":"2025-01-05T15:23:41","date_gmt":"2025-01-05T14:23:41","guid":{"rendered":"http:\/\/becon-plongee-maitai.fr\/?page_id=261"},"modified":"2025-08-04T19:55:47","modified_gmt":"2025-08-04T17:55:47","slug":"privatiser-la-carriere","status":"publish","type":"page","link":"http:\/\/becon-plongee-maitai.fr\/index.php\/privatiser-la-carriere\/","title":{"rendered":"Privatiser la carri\u00e8re"},"content":{"rendered":"\n<p>En cas de festivit\u00e9s, \u00e9v\u00e9nements,&#8230; nous pouvons vous privatiser la carri\u00e8re.<\/p>\n\n\n\n<p>Nous y avons organis\u00e9 des anniversaires, des mariages, m\u00eame des influenceurs y ont d\u00e9j\u00e0 pratiqu\u00e9 des reportages de vid\u00e9os promotionnelles, tout est possible:<\/p>\n\n\n\n<p class=\"has-text-align-center has-secondary-color has-text-color has-link-color wp-elements-abf04eb4ea61ac675ff4e620f01e36d3\" style=\"font-size:clamp(21.536px, 1.346rem + ((1vw - 3.2px) * 1.192), 35px);\"><strong>Un endroit atypique, pour un \u00e9v\u00e9nement hors du commun.<\/strong><\/p>\n\n\n\n<p class=\"has-text-align-center\">Pour plus de s\u00e9curit\u00e9, tout le monde peut dormir sur place, le terrain est suffisamment grand pour y placer quelques tentes, caravanes, camping car&#8230;<\/p>\n\n\n\n<p>Pour la disponibilit\u00e9, la faisabilit\u00e9, les prestations, et le co\u00fbt, merci de vous r\u00e9f\u00e9rer directement au \u00ab\u00a0<a href=\"http:\/\/becon-plongee-maitai.fr\/index.php\/lequipe\/\" data-type=\"page\" data-id=\"135\">Ma\u00eetre de C\u00e9r\u00e9monie<\/a>\u00ab\u00a0, de la carri\u00e8re gr\u00e2ce \u00e0 la page \u00ab\u00a0<a href=\"http:\/\/becon-plongee-maitai.fr\/index.php\/contact\/\" data-type=\"page\" data-id=\"19\">contact<\/a>\u00ab\u00a0<\/p>\n\n\n\n<p>Par exemple:<\/p>\n\n\n\n<div class=\"wp-block-group has-global-padding is-layout-constrained wp-block-group-is-layout-constrained\">\n<figure class=\"wp-block-embed is-type-video is-provider-youtube wp-block-embed-youtube wp-embed-aspect-16-9 wp-has-aspect-ratio\" style=\"margin-top:0;margin-right:var(--wp--preset--spacing--x-large);margin-bottom:0;margin-left:var(--wp--preset--spacing--x-large)\"><div class=\"wp-block-embed__wrapper\">\n<iframe loading=\"lazy\" title=\"ON A CONSTRUIT UNE MAISON FLOTTANTE (on dort dedans il fait 2\u00b0)\" width=\"950\" height=\"534\" src=\"https:\/\/www.youtube.com\/embed\/fJyqcV4YYSU?feature=oembed\" frameborder=\"0\" allow=\"accelerometer; autoplay; clipboard-write; encrypted-media; gyroscope; picture-in-picture; web-share\" referrerpolicy=\"strict-origin-when-cross-origin\" allowfullscreen><\/iframe>\n<\/div><figcaption class=\"wp-element-caption\"><em><strong>Une \u00e9quipe de youtubeurs pr\u00e9sentant un nouveau groupe \u00e9lectrog\u00e8ne<\/strong><\/em><\/figcaption><\/figure>\n\n\n\n<p><\/p>\n\n\n\n<p><\/p>\n<\/div>\n\n\n\n<p><\/p>\n\n\n<div class=\"aligncenter wp-block-site-logo\"><a href=\"http:\/\/becon-plongee-maitai.fr\/\" class=\"custom-logo-link\" rel=\"home\"><img loading=\"lazy\" decoding=\"async\" width=\"75\" height=\"75\" src=\"http:\/\/becon-plongee-maitai.fr\/wp-content\/uploads\/2024\/12\/cropped-cropped-cropped-maitai-logo2016-e1735222400999.png\" class=\"custom-logo\" alt=\"MAITAI BECON PLONGEE\" sizes=\"auto, 100vw\" \/><\/a><\/div>\n\n\n<p class=\"has-text-align-center\"><em>Retour vers l&rsquo;accueil<\/em><\/p>\n\n\n\n<p><\/p>\n","protected":false},"excerpt":{"rendered":"<p>En cas de festivit\u00e9s, \u00e9v\u00e9nements,&#8230; nous pouvons vous privatiser la carri\u00e8re. Nous y avons organis\u00e9 des anniversaires, des mariages, m\u00eame des influenceurs y ont d\u00e9j\u00e0 pratiqu\u00e9 des reportages de vid\u00e9os promotionnelles, tout est possible: Un endroit atypique, pour un \u00e9v\u00e9nement hors du commun. Pour plus de s\u00e9curit\u00e9, tout le monde peut dormir sur place, le &hellip; <\/p>\n<p class=\"link-more\"><a href=\"http:\/\/becon-plongee-maitai.fr\/index.php\/privatiser-la-carriere\/\" class=\"more-link\">Lire la suite de<span class=\"screen-reader-text\">\u00ab\u00a0Privatiser la carri\u00e8re\u00a0\u00bb<\/span><\/a><\/p>\n","protected":false},"author":1,"featured_media":0,"parent":0,"menu_order":0,"comment_status":"closed","ping_status":"closed","template":"","meta":{"footnotes":""},"class_list":["post-261","page","type-page","status-publish","hentry"],"featured_media_urls":[],"_links":{"self":[{"href":"http:\/\/becon-plongee-maitai.fr\/index.php\/wp-json\/wp\/v2\/pages\/261","targetHints":{"allow":["GET"]}}],"collection":[{"href":"http:\/\/becon-plongee-maitai.fr\/index.php\/wp-json\/wp\/v2\/pages"}],"about":[{"href":"http:\/\/becon-plongee-maitai.fr\/index.php\/wp-json\/wp\/v2\/types\/page"}],"author":[{"embeddable":true,"href":"http:\/\/becon-plongee-maitai.fr\/index.php\/wp-json\/wp\/v2\/users\/1"}],"replies":[{"embeddable":true,"href":"http:\/\/becon-plongee-maitai.fr\/index.php\/wp-json\/wp\/v2\/comments?post=261"}],"version-history":[{"count":10,"href":"http:\/\/becon-plongee-maitai.fr\/index.php\/wp-json\/wp\/v2\/pages\/261\/revisions"}],"predecessor-version":[{"id":579,"href":"http:\/\/becon-plongee-maitai.fr\/index.php\/wp-json\/wp\/v2\/pages\/261\/revisions\/579"}],"wp:attachment":[{"href":"http:\/\/becon-plongee-maitai.fr\/index.php\/wp-json\/wp\/v2\/media?parent=261"}],"curies":[{"name":"wp","href":"https:\/\/api.w.org\/{rel}","templated":true}]}}