{"id":148,"date":"2025-01-02T19:20:52","date_gmt":"2025-01-02T18:20:52","guid":{"rendered":"http:\/\/becon-plongee-maitai.fr\/?page_id=148"},"modified":"2025-01-08T12:13:44","modified_gmt":"2025-01-08T11:13:44","slug":"les-salles-de-cours","status":"publish","type":"page","link":"http:\/\/becon-plongee-maitai.fr\/index.php\/les-salles-de-cours\/","title":{"rendered":"Les salles de cours"},"content":{"rendered":"\n<p>Pour vous permettre de dispenser vos pr\u00e9sentations th\u00e9oriques, nous pouvons mettre \u00e0 disposition des <a href=\"http:\/\/becon-plongee-maitai.fr\/index.php\/la-location-de-salle\/\" data-type=\"page\" data-id=\"259\">salles de classes<\/a> de diff\u00e9rentes tailles.<\/p>\n\n\n\n<p>Celles-ci peuvent se trouver sur le site de la carri\u00e8re, ou \u00e9loign\u00e9es de notre aire de jeux pour plus de tranquillit\u00e9.<\/p>\n\n\n\n<p>Nous pouvons vous proposer jusqu\u2019\u00e0 6 salles de cours ind\u00e9pendantes, et qui peuvent \u00eatre plus \u00e9loign\u00e9es de la carri\u00e8re, pour encore plus de tranquillit\u00e9.<\/p>\n\n\n\n<p>Toutefois, il est n\u00e9cessaire de r\u00e9server en envoyant un mail au formulaire de la page \u00ab\u00a0<a href=\"http:\/\/becon-plongee-maitai.fr\/index.php\/contact\/\" data-type=\"page\" data-id=\"19\">contact<\/a>\u00ab\u00a0<\/p>\n\n\n<div class=\"aligncenter wp-block-site-logo\"><a href=\"http:\/\/becon-plongee-maitai.fr\/\" class=\"custom-logo-link\" rel=\"home\"><img loading=\"lazy\" decoding=\"async\" width=\"75\" height=\"75\" src=\"http:\/\/becon-plongee-maitai.fr\/wp-content\/uploads\/2024\/12\/cropped-cropped-cropped-maitai-logo2016-e1735222400999.png\" class=\"custom-logo\" alt=\"MAITAI BECON PLONGEE\" sizes=\"auto, 100vw\" \/><\/a><\/div>\n\n\n<p class=\"has-text-align-center\">Retour vers l&rsquo;accueil<\/p>\n\n\n\n<p><\/p>\n","protected":false},"excerpt":{"rendered":"<p>Pour vous permettre de dispenser vos pr\u00e9sentations th\u00e9oriques, nous pouvons mettre \u00e0 disposition des salles de classes de diff\u00e9rentes tailles. Celles-ci peuvent se trouver sur le site de la carri\u00e8re, ou \u00e9loign\u00e9es de notre aire de jeux pour plus de tranquillit\u00e9. Nous pouvons vous proposer jusqu\u2019\u00e0 6 salles de cours ind\u00e9pendantes, et qui peuvent \u00eatre &hellip; <\/p>\n<p class=\"link-more\"><a href=\"http:\/\/becon-plongee-maitai.fr\/index.php\/les-salles-de-cours\/\" class=\"more-link\">Lire la suite de<span class=\"screen-reader-text\">\u00ab\u00a0Les salles de cours\u00a0\u00bb<\/span><\/a><\/p>\n","protected":false},"author":1,"featured_media":189,"parent":0,"menu_order":0,"comment_status":"closed","ping_status":"closed","template":"","meta":{"inspiro_hide_title":false,"footnotes":""},"class_list":["post-148","page","type-page","status-publish","has-post-thumbnail","hentry"],"featured_media_urls":{"thumbnail":["http:\/\/becon-plongee-maitai.fr\/wp-content\/uploads\/2025\/01\/Salle-de-cours-150x150.jpg",150,150,true],"medium":["http:\/\/becon-plongee-maitai.fr\/wp-content\/uploads\/2025\/01\/Salle-de-cours-300x225.jpg",300,225,true],"medium_large":["http:\/\/becon-plongee-maitai.fr\/wp-content\/uploads\/2025\/01\/Salle-de-cours-scaled.jpg",768,576,false],"large":["http:\/\/becon-plongee-maitai.fr\/wp-content\/uploads\/2025\/01\/Salle-de-cours-1024x768.jpg",950,713,true],"1536x1536":["http:\/\/becon-plongee-maitai.fr\/wp-content\/uploads\/2025\/01\/Salle-de-cours-scaled-1536x1152.jpg",1536,1152,true],"2048x2048":["http:\/\/becon-plongee-maitai.fr\/wp-content\/uploads\/2025\/01\/Salle-de-cours-scaled-2048x1536.jpg",2048,1536,true],"inspiro-featured-image":["http:\/\/becon-plongee-maitai.fr\/wp-content\/uploads\/2025\/01\/Salle-de-cours-2000x1500.jpg",2000,1500,true],"inspiro-loop":["http:\/\/becon-plongee-maitai.fr\/wp-content\/uploads\/2025\/01\/Salle-de-cours-950x320.jpg",950,320,true],"inspiro-loop@2x":["http:\/\/becon-plongee-maitai.fr\/wp-content\/uploads\/2025\/01\/Salle-de-cours-1900x640.jpg",1900,640,true],"portfolio_item-thumbnail":["http:\/\/becon-plongee-maitai.fr\/wp-content\/uploads\/2025\/01\/Salle-de-cours-scaled-600x400.jpg",600,400,true],"portfolio_item-thumbnail@2x":["http:\/\/becon-plongee-maitai.fr\/wp-content\/uploads\/2025\/01\/Salle-de-cours-scaled-1200x800.jpg",1200,800,true],"portfolio_item-masonry":["http:\/\/becon-plongee-maitai.fr\/wp-content\/uploads\/2025\/01\/Salle-de-cours-scaled-600x450.jpg",600,450,true],"portfolio_item-masonry@2x":["http:\/\/becon-plongee-maitai.fr\/wp-content\/uploads\/2025\/01\/Salle-de-cours-scaled-1200x900.jpg",1200,900,true],"portfolio_item-thumbnail_cinema":["http:\/\/becon-plongee-maitai.fr\/wp-content\/uploads\/2025\/01\/Salle-de-cours-scaled-800x335.jpg",800,335,true],"portfolio_item-thumbnail_portrait":["http:\/\/becon-plongee-maitai.fr\/wp-content\/uploads\/2025\/01\/Salle-de-cours-scaled-600x900.jpg",600,900,true],"portfolio_item-thumbnail_portrait@2x":["http:\/\/becon-plongee-maitai.fr\/wp-content\/uploads\/2025\/01\/Salle-de-cours-scaled-1200x1800.jpg",1200,1800,true],"portfolio_item-thumbnail_square":["http:\/\/becon-plongee-maitai.fr\/wp-content\/uploads\/2025\/01\/Salle-de-cours-scaled-800x800.jpg",800,800,true]},"_links":{"self":[{"href":"http:\/\/becon-plongee-maitai.fr\/index.php\/wp-json\/wp\/v2\/pages\/148","targetHints":{"allow":["GET"]}}],"collection":[{"href":"http:\/\/becon-plongee-maitai.fr\/index.php\/wp-json\/wp\/v2\/pages"}],"about":[{"href":"http:\/\/becon-plongee-maitai.fr\/index.php\/wp-json\/wp\/v2\/types\/page"}],"author":[{"embeddable":true,"href":"http:\/\/becon-plongee-maitai.fr\/index.php\/wp-json\/wp\/v2\/users\/1"}],"replies":[{"embeddable":true,"href":"http:\/\/becon-plongee-maitai.fr\/index.php\/wp-json\/wp\/v2\/comments?post=148"}],"version-history":[{"count":5,"href":"http:\/\/becon-plongee-maitai.fr\/index.php\/wp-json\/wp\/v2\/pages\/148\/revisions"}],"predecessor-version":[{"id":428,"href":"http:\/\/becon-plongee-maitai.fr\/index.php\/wp-json\/wp\/v2\/pages\/148\/revisions\/428"}],"wp:featuredmedia":[{"embeddable":true,"href":"http:\/\/becon-plongee-maitai.fr\/index.php\/wp-json\/wp\/v2\/media\/189"}],"wp:attachment":[{"href":"http:\/\/becon-plongee-maitai.fr\/index.php\/wp-json\/wp\/v2\/media?parent=148"}],"curies":[{"name":"wp","href":"https:\/\/api.w.org\/{rel}","templated":true}]}}