{"id":107,"date":"2024-12-26T15:06:30","date_gmt":"2024-12-26T14:06:30","guid":{"rendered":"http:\/\/becon-plongee-maitai.fr\/?page_id=107"},"modified":"2025-03-28T18:28:26","modified_gmt":"2025-03-28T17:28:26","slug":"documentation","status":"publish","type":"page","link":"http:\/\/becon-plongee-maitai.fr\/index.php\/documentation\/","title":{"rendered":"La documentation"},"content":{"rendered":"\n<p class=\"has-secondary-color has-text-color has-link-color wp-elements-991953cf7cd7adf31a024c14a71c1253\">Ci dessous, vous trouverez en t\u00e9l\u00e9chargement:<\/p>\n\n\n\n<p><\/p>\n\n\n\n<ul class=\"wp-block-list\">\n<li>Un tableau EXCEL vous permettant de budg\u00e9ter un week-end \u00e0 la carri\u00e8re<\/li>\n\n\n\n<li>La fiche de s\u00e9curit\u00e9 type,<\/li>\n\n\n\n<li>Le plan de la carri\u00e8re avec les objets immerg\u00e9s et le profondeurs d&rsquo;\u00e9volution,<\/li>\n\n\n\n<li>Une fiche bio pr\u00e9sentant les esp\u00e8ces vivantes,<\/li>\n\n\n\n<li>Le plan des secours sur la carri\u00e8re.<\/li>\n<\/ul>\n\n\n\n<div class=\"wp-block-file\"><a id=\"wp-block-file--media-5fcfebd1-2b4b-4f18-b86e-dcc69b585908\" href=\"http:\/\/becon-plongee-maitai.fr\/wp-content\/uploads\/2025\/03\/MBP-budget-previsionnel-week-end-2025.xlsx\">MBP budget previsionnel week end 2025<\/a><a href=\"http:\/\/becon-plongee-maitai.fr\/wp-content\/uploads\/2025\/03\/MBP-budget-previsionnel-week-end-2025.xlsx\" class=\"wp-block-file__button wp-element-button\" download aria-describedby=\"wp-block-file--media-5fcfebd1-2b4b-4f18-b86e-dcc69b585908\">T\u00e9l\u00e9charger<\/a><\/div>\n\n\n\n<p>Pr\u00e9parez votre venue en remplissant \u00e0 l&rsquo;avance vos fiches de s\u00e9curit\u00e9:<\/p>\n\n\n\n<div data-wp-interactive=\"core\/file\" class=\"wp-block-file\"><object data-wp-bind--hidden=\"!state.hasPdfPreview\" hidden class=\"wp-block-file__embed\" data=\"http:\/\/becon-plongee-maitai.fr\/wp-content\/uploads\/2024\/12\/MAITAI-BECON-PLONGEE-Fiche-de-securite.pdf\" type=\"application\/pdf\" style=\"width:100%;height:600px\" aria-label=\"Contenu embarqu\u00e9 MAITAI BECON PLONGEE - Fiche de securite.\"><\/object><a id=\"wp-block-file--media-e3c1e1e9-2cbe-4b01-90c3-0bfb40845714\" href=\"http:\/\/becon-plongee-maitai.fr\/wp-content\/uploads\/2024\/12\/MAITAI-BECON-PLONGEE-Fiche-de-securite.pdf\">MAITAI BECON PLONGEE &#8211; Fiche de securite<\/a><a href=\"http:\/\/becon-plongee-maitai.fr\/wp-content\/uploads\/2024\/12\/MAITAI-BECON-PLONGEE-Fiche-de-securite.pdf\" class=\"wp-block-file__button wp-element-button\" download aria-describedby=\"wp-block-file--media-e3c1e1e9-2cbe-4b01-90c3-0bfb40845714\">T\u00e9l\u00e9charger<\/a><\/div>\n\n\n\n<div data-wp-interactive=\"core\/file\" class=\"wp-block-file\"><object data-wp-bind--hidden=\"!state.hasPdfPreview\" hidden class=\"wp-block-file__embed\" data=\"http:\/\/becon-plongee-maitai.fr\/wp-content\/uploads\/2025\/02\/Plan-de-la-carriere.pdf\" type=\"application\/pdf\" style=\"width:100%;height:600px\" aria-label=\"Contenu embarqu\u00e9 Plan de la carriere.\"><\/object><a id=\"wp-block-file--media-e8802333-f764-40ed-b129-762173f7aa3a\" href=\"http:\/\/becon-plongee-maitai.fr\/wp-content\/uploads\/2025\/02\/Plan-de-la-carriere.pdf\">Plan de la carriere<\/a><a href=\"http:\/\/becon-plongee-maitai.fr\/wp-content\/uploads\/2025\/02\/Plan-de-la-carriere.pdf\" class=\"wp-block-file__button wp-element-button\" download aria-describedby=\"wp-block-file--media-e8802333-f764-40ed-b129-762173f7aa3a\">T\u00e9l\u00e9charger<\/a><\/div>\n\n\n\n<div data-wp-interactive=\"core\/file\" class=\"wp-block-file\"><object data-wp-bind--hidden=\"!state.hasPdfPreview\" hidden class=\"wp-block-file__embed\" data=\"http:\/\/becon-plongee-maitai.fr\/wp-content\/uploads\/2025\/02\/Especes-vivantes-dans-la-carriere.pdf\" type=\"application\/pdf\" style=\"width:100%;height:600px\" aria-label=\"Contenu embarqu\u00e9 Especes vivantes dans la carriere.\"><\/object><a id=\"wp-block-file--media-4a3d5212-5a45-46d3-abe8-499bb7733f9c\" href=\"http:\/\/becon-plongee-maitai.fr\/wp-content\/uploads\/2025\/02\/Especes-vivantes-dans-la-carriere.pdf\">Especes vivantes dans la carriere<\/a><a href=\"http:\/\/becon-plongee-maitai.fr\/wp-content\/uploads\/2025\/02\/Especes-vivantes-dans-la-carriere.pdf\" class=\"wp-block-file__button wp-element-button\" download aria-describedby=\"wp-block-file--media-4a3d5212-5a45-46d3-abe8-499bb7733f9c\">T\u00e9l\u00e9charger<\/a><\/div>\n\n\n\n<div data-wp-interactive=\"core\/file\" class=\"wp-block-file\"><object data-wp-bind--hidden=\"!state.hasPdfPreview\" hidden class=\"wp-block-file__embed\" data=\"http:\/\/becon-plongee-maitai.fr\/wp-content\/uploads\/2025\/02\/Plan-de-secours-Maitai.pdf\" type=\"application\/pdf\" style=\"width:100%;height:600px\" aria-label=\"Contenu embarqu\u00e9 Plan de secours Maitai.\"><\/object><a id=\"wp-block-file--media-d8ac39fc-8633-4e42-ad1a-867d51c44a8f\" href=\"http:\/\/becon-plongee-maitai.fr\/wp-content\/uploads\/2025\/02\/Plan-de-secours-Maitai.pdf\">Plan de secours Maitai<\/a><a href=\"http:\/\/becon-plongee-maitai.fr\/wp-content\/uploads\/2025\/02\/Plan-de-secours-Maitai.pdf\" class=\"wp-block-file__button wp-element-button\" download aria-describedby=\"wp-block-file--media-d8ac39fc-8633-4e42-ad1a-867d51c44a8f\">T\u00e9l\u00e9charger<\/a><\/div>\n\n\n<div class=\"aligncenter wp-block-site-logo\"><a href=\"http:\/\/becon-plongee-maitai.fr\/\" class=\"custom-logo-link\" rel=\"home\"><img loading=\"lazy\" decoding=\"async\" width=\"75\" height=\"75\" src=\"http:\/\/becon-plongee-maitai.fr\/wp-content\/uploads\/2024\/12\/cropped-cropped-cropped-maitai-logo2016-e1735222400999.png\" class=\"custom-logo\" alt=\"MAITAI BECON PLONGEE\" sizes=\"auto, 100vw\" \/><\/a><\/div>\n\n\n<p class=\"has-text-align-center\"><em>Retour vers l&rsquo;accueil<\/em><\/p>\n","protected":false},"excerpt":{"rendered":"<p>Ci dessous, vous trouverez en t\u00e9l\u00e9chargement: Pr\u00e9parez votre venue en remplissant \u00e0 l&rsquo;avance vos fiches de s\u00e9curit\u00e9: Retour vers l&rsquo;accueil<\/p>\n","protected":false},"author":1,"featured_media":0,"parent":0,"menu_order":0,"comment_status":"closed","ping_status":"closed","template":"","meta":{"footnotes":""},"class_list":["post-107","page","type-page","status-publish","hentry"],"featured_media_urls":[],"_links":{"self":[{"href":"http:\/\/becon-plongee-maitai.fr\/index.php\/wp-json\/wp\/v2\/pages\/107","targetHints":{"allow":["GET"]}}],"collection":[{"href":"http:\/\/becon-plongee-maitai.fr\/index.php\/wp-json\/wp\/v2\/pages"}],"about":[{"href":"http:\/\/becon-plongee-maitai.fr\/index.php\/wp-json\/wp\/v2\/types\/page"}],"author":[{"embeddable":true,"href":"http:\/\/becon-plongee-maitai.fr\/index.php\/wp-json\/wp\/v2\/users\/1"}],"replies":[{"embeddable":true,"href":"http:\/\/becon-plongee-maitai.fr\/index.php\/wp-json\/wp\/v2\/comments?post=107"}],"version-history":[{"count":17,"href":"http:\/\/becon-plongee-maitai.fr\/index.php\/wp-json\/wp\/v2\/pages\/107\/revisions"}],"predecessor-version":[{"id":537,"href":"http:\/\/becon-plongee-maitai.fr\/index.php\/wp-json\/wp\/v2\/pages\/107\/revisions\/537"}],"wp:attachment":[{"href":"http:\/\/becon-plongee-maitai.fr\/index.php\/wp-json\/wp\/v2\/media?parent=107"}],"curies":[{"name":"wp","href":"https:\/\/api.w.org\/{rel}","templated":true}]}}